+ 4*y = q. Calculate b(y).
-4
Let p(t) = t**3 - 5*t**2 - 1. Suppose 2*b - 3*r + 12 = 5*b, -4*r + 12 = 2*b. Suppose 4*u - 5*n + 5 = 0, 5 = b*u + 3*u - 4*n. Calculate p(u).
-1
Suppose -q - q + 18 = 0. Suppose 0 = j - 4*h - q, -3*j + 5*h - 5 = -5*j. Let f(m) = -2*m + 2*m**2 + 15 + m**3 - 7*m**2 - 9. Give f(j).
-4
Let a(d) be the third derivative of 1/120*d**6 + 1/12*d**4 + 1/20*d**5 + 0*d + 1/2*d**3 - 4*d**2 + 0. Give a(-3).
-3
Suppose m - 4*m = 63. Let x be 54/(-21) + (-12)/m. Let p(c) = c**2 - 2*c - 3. Determine p(x).
5
Let d be 1/(((-15)/(-18))/5). Let n(r) = 2 + d*r**2 - 3 - r - 5*r**2. Calculate n(-1).
1
Let f(u) = u**3 + 6*u**2 + 4*u - 1. Let p(b) = 1 + 2*b - b + 0. Let z be p(-2). Let x be (4 - 2)/z - 3. Determine f(x).
4
Suppose 4 + 6 = 5*j. Let l(f) = 4*f - 3. Let a(x) = -x**2 - 4*x + 3. Let u(k) = 3*a(k) + 4*l(k). Calculate u(j).
-7
Let j be 14/(-21)*(-1 + -5). Let h(t) = 5*t**2 + 5*t - j*t**2 + 0*t**2 - 3 + 0*t**2. What is h(-6)?
3
Let g be (-40)/50 + ((-39)/(-5) - 0). Let x(n) = -n**2 + 5*n + 7. Calculate x(g).
-7
Let q(a) = a**2 - 8*a + 7. Let d be 0 - 1*(3 - 10). Let m = -4 + d. Suppose 0 = 4*p + 5*v - 20, -2*v - v = m*p - 15. Give q(p).
-8
Let t(r) be the first derivative of 1/2*r**2 + 3 + r. Give t(0).
1
Let j = -8 + 12. Let g(w) = -j*w - 2*w + 0 + 2*w - 6. Determine g(-4).
10
Let u(a) = -a + 6*a - 2*a - a + 2. Calculate u(-5).
-8
Let h(q) = -3*q. Suppose -2*k = -0*k - p - 13, 3*p + 31 = 4*k. What is h(k)?
-12
Let r(u) be the first derivative of -u**5/2 + u**3/6 + 2*u + 2. Let c(j) be the first derivative of r(j). Let b be (-70)/84 - (-1)/(-6). What is c(b)?
9
Let p(v) = 3*v + 2 - v + 2*v**2 + v**3 - v. Suppose 0 = -3*s + 3*o, -4 = -2*s + 3*o - 2. Calculate p(s).
0
Let r be (24/10)/((-1)/(-5)). Suppose -4*d + 8 = -4. Suppose r = -d*g - g. Let c(n) = n. Give c(g).
-3
Let u be ((-4)/8*0)/1. Let w(i) be the third derivative of -i**5/60 + i**4/24 - 5*i**3/6 + i**2. Give w(u).
-5
Let t(q) = q**2 - q + 9. Suppose 4*i = -5*u + 2*u, 0 = 2*u + i. Give t(u).
9
Suppose 4*t + 29 - 1 = 0. Let r = t - -8. Let s(u) = -6*u - 1. Give s(r).
-7
Let r(h) = h**3 - 6*h**2 - 6*h - 4. Let f be ((-48)/(-10))/((-8)/(-20)). Let b = -5 + f. Calculate r(b).
3
Let r(d) = 15*d - 6. Let n(i) be the second derivative of -7*i**3/6 + 3*i**2/2 + 6*i. Let y(v) = -13*n(v) - 6*r(v). What is y(4)?
1
Let w = 3 - -2. Suppose -30 = h + w*t, -5*t = -t + 20. Let a(f) = -7*f**3 - 6*f**2 - 6*f + 3*f**3 + 3*f**3 - 2 - 5. Determine a(h).
-2
Let n(y) be the third derivative of -y**5/12 - y**2. Let h be ((-2)/(-3))/(16/24). Give n(h).
-5
Let a(i) be the first derivative of -i**4/4 + i**3 - i**2 - i - 7. Give a(2).
-1
Let b(v) = 3*v - 3. Let k be (2 - 0) + (-6 - -7). What is b(k)?
6
Let z(r) = -3*r**3 + 1. Let n(d) = d + 2. Let u be n(2). Suppose -3*i = 7 - u. What is z(i)?
4
Let q(r) = r**2 + 3*r - 1. Suppose 12*w = 17*w - 30. Suppose f + f = -w. Calculate q(f).
-1
Let p(h) = -h**2 - 7. Let a(y) = 3. Let c(t) = -14*a(t) - 6*p(t). Suppose f - 6*f + 5 = 0. Let x be (f/(-3))/((-2)/(-6)). Give c(x).
6
Let h(f) = -f + 3. Let x be (-4)/(-8) + (-13)/(-2). Let b = 10 - x. Suppose -b*z = -2*z. Calculate h(z).
3
Let z(g) = -g**2 + 5*g - 2. Let o be z(6). Let t(y) = y**3 + 8*y**2 - y - 5. Give t(o).
3
Let q(f) be the second derivative of f**6/720 + f**5/24 + 3*f**4/4 + 10*f. Let a(w) be the third derivative of q(w). Give a(-3).
2
Suppose -3*l + q = 2, 8 - 9 = -2*l + 3*q. Let d(v) = -v. Determine d(l).
1
Suppose -2*m - 32 = 6*m. Let u(o) = -o**3 - 5*o**2 - 5*o - 2. Calculate u(m).
2
Let o(f) be the first derivative of -f**3/3 - 2*f**2 - f - 8. Let g be 1/1 + 6*-1. Determine o(g).
-6
Let g(d) = -d**3 + 5*d**2 - 2*d - 4. Let q(z) = -2*z + 0 + 0 - 4. Let r be q(-4). Determine g(r).
4
Let g(x) = -7*x - x**2 + 2 + 0*x + 2*x. Let f be (0 + 0)/(1 - 2). Suppose r + 4 + 1 = f. What is g(r)?
2
Let k = -9 - -15. Let x(p) = -5*p**3 + p**2 - 12*p - 12. Let v(g) = g**3 - g**2 + g + 1. Let r(m) = -6*v(m) - x(m). Give r(k).
6
Let n = 10 - 8. Suppose 0 = -3*p - 5 + n. Let a(y) be the second derivative of 2*y**5/5 + y**4/12 + y. Give a(p).
-7
Suppose 5*d = 2*y + 24, 8*y - 4*y = d + 6. Let s(w) = w**3 - 5*w**2 - 5*w + 8. Determine s(d).
14
Let j = 3 - 0. Let v(n) = 2*n**3 + 4*n**2 - n**3 + 0*n**j - 3 + 0*n**3. Let o = -7 - -4. Give v(o).
6
Suppose 0 = u - 0*w + 2*w - 5, -w = -4*u - 7. Let r(k) = -2*k**2 - 6*k**2 - 4*k + 2*k - 1. Calculate r(u).
-7
Let k(x) = 3*x**2 - 3*x + 1. Suppose 5*q - 7 = -3*a, 3*a = -3*q + a + 4. Calculate k(q).
7
Let y(m) = -m**2 - m + 4. Suppose -2*u + 3*u = 0. Let s be 1 + u - (-6)/2. Suppose -s*t - 16 = -4. Give y(t).
-2
Suppose 0 = -h + 5, -t = 5*h - 2*h - 18. Let p(l) = -l + 2*l**2 + 2 - 2*l - 2*l. What is p(t)?
5
Suppose -i + 3*u - 2 = 13, 4*u - 25 = 3*i. Let h(m) = -m**3 - 4 - 4*m + 2*m**2 + 2*m**3 + 0*m. What is h(i)?
-1
Let b(x) = x**2 + 9*x. Let i = -36 + 27. Determine b(i).
0
Let o = -18 + 13. Let z(a) = 6 + 0*a + 6 - 4 + a. Let r be z(o). Let v(c) = 2*c - 2. Calculate v(r).
4
Let d be (-3 - -3)/(-2 + 1). Suppose -4*t + d*t + 4 = 0. Suppose 1 + t = s. Let o(k) = 2*k + 1. Determine o(s).
5
Let w(t) = t**3 + 3*t**2 - 4*t + 2. Let d be w(-4). Let u(a) = -2 - 4*a + 0*a + a. Determine u(d).
-8
Let y(m) = m + 1. Suppose 0 = w - 2*w - 2*o - 6, 2*w - o = 3. Suppose -2*x + 1 + 7 = w. Suppose 0 = -x*j + 8*j. Give y(j).
1
Let z(q) = -q**2 - 5*q. Let k = 13 - 9. Suppose -15 = m - 3*i + 3, -k*i - 8 = 4*m. Determine z(m).
-6
Let c(r) be the second derivative of r**3/6 + 13*r**2/2 - r. Let h be c(-12). Let y(g) = 5*g**2 + 1. Calculate y(h).
6
Let r(u) = 4*u**3 - u**2 + u + 1. Let g(s) = -s**3 + s**2 - s + 1. Let v(x) = -3*g(x) - r(x). Calculate v(-3).
-1
Let t(g) = 5*g - 5. Let x(j) = 4*j - 4. Let d(l) = -3*t(l) + 4*x(l). Let z(k) = 6*k - 12. Let w(i) = -10*d(i) + z(i). What is w(-3)?
10
Let b(j) be the third derivative of 0*j + 0*j**3 + 1/24*j**4 - 1/15*j**5 - 2*j**2 + 0. Determine b(1).
-3
Let r(j) = -2*j - 19. Let l be r(-7). Let q(h) = -2*h - 4. Give q(l).
6
Let a be 5*-2*3/6. Let x(m) = 3*m + 3. Let s(v) = -3*v - 4. Let d(u) = a*s(u) - 6*x(u). Give d(2).
-4
Let k(g) = g**2 + 8*g + 5. Let p be k(-8). Let c be 12*(-3 + p/2). Let m(v) = -v**2 - 8*v - 1. What is m(c)?
11
Let d(w) be the third derivative of w**5/60 - w**4/6 + w**3/3 + 3*w**2. Let y be 42/15 - 1/(-5). Give d(y).
-1
Let r be (-27)/(-9)*(-1)/(-3). Let m(y) = r - 4 - 2 - y. Calculate m(-6).
1
Let s(j) = -j**2 - 5*j + 2. Let t be s(-5). Let a(l) = 2*l**2 - 3*l**t + 5*l - 3*l - 1. Let i be (-4)/3*3/(-2). Calculate a(i).
-1
Suppose -2*p + s + 8 = 2*p, -2*p + s = -4. Let g(u) = -5*u + 3. Give g(p).
-7
Let z(u) be the third derivative of 7*u**5/20 - u**4/24 + u**3/6 + 21*u**2. What is z(1)?
21
Let o(x) = -6*x**2 - 6 + 6*x + 7*x - x**3 - 22*x + 3*x. Determine o(-5).
-1
Let m be (9/6)/(3/(-30)). Let l = m + 11. Let h(j) = 2*j**2 + 10*j - 19. Let d(b) = -b**2 - 5*b + 10. Let u(x) = -11*d(x) - 6*h(x). Determine u(l).
8
Let b(p) = 4*p + 10. Let t(z) = -12*z - 29. Let m(a) = 8*b(a) + 3*t(a). What is m(-7)?
21
Let l(t) = -2*t**2 - 3*t + 8. Let r = -13 + 7. Let u be 1 + 2 + 11 + -7. Let i(n) = -2*n**2 - 2*n + 7. Let x(q) = r*l(q) + u*i(q). Give x(3).
-5
Let b(n) be the third derivative of n**5/60 + 5*n**4/24 - n**3/3 + n**2. Let y(q) = -q**3 + 3*q**2 - q. Let i be y(2). Let c = i + -6. Calculate b(c).
-6
Let p = 23 + -17. Let s(r) = 2 - r**3 - 2*r**2 + p*r**2 + 0*r**3 + 0. Give s(4).
2
Let z(x) = 2*x**3 + x**2 + 2*x + 1. Suppose -p = p - 6. Let d = 2 - p. What is z(d)?
-2
Let m(k) be the third derivative of -k**5/30 - k**4/3 - k**3/2 + 9*k**2. What is m(-5)?
-13
Suppose 5*k - o = 6, -2*o - o + 2 = -5*k. Let t(p) = -4*p + 3*p - 2 + 0 - p**2. Calculate t(k).
-8
Let i(b) = 0 + 3*b**2 - b**3 + 6*b - 2 + 0*b**2 + 2*b**2. Let n be i(6). Let a(g) = -g - 1. Calculate a(n).
1
Suppose 0 = 3*v - 2*v. Suppose v*o + 3 = o. Suppose -6 = o*x - 0. Let d(u) = u**3 + 3*u**2 + 2*u + 3. Give d(x).
3
Let v(a) = a - 2. Let g(z) = z + 6. Let m(d) = -5*d - 25. Let o(k) = -25*g(k) - 6*m(k). Let n be o(3). Let j = -10 + n. Determine v(j).
3
Let b = 5 + -10. Let y(o) = o**2 - o. Let q be y(2). Let f(u) = 0*u - 6*u**2 + 7 - 4*u**q + 14*u**2 + u**3 - 5*u. What is f(b)?
7
Let r(o) = 2*o**2 + 7*o - 4. Let f(s) = 3*s**2 + 11*s - 7. Let a(b) = -5*f(b) + 8*r(b). Give a(